pose -45 + 339 = 2*x. Let k = x - 52. Calculate the greatest common factor of 19 and k.
19
Let q be 1/4*(-1 - (2 - 3)). Suppose q = 5*c + 2*v - 109, -2*c + 44 = -v - 5. Calculate the highest common divisor of c and 23.
23
Let b = -622 - -718. What is the greatest common factor of 312 and b?
24
Suppose 0 = -11*p + 163 + 541. Calculate the highest common divisor of p and 96.
32
Let o be (54/9)/(6/4). Suppose -14 = o*t - 62. Calculate the highest common divisor of t and 18.
6
Let m = -23 - -42. Suppose -h + 15 = 2*i, -i - 59 = -3*h - 0*h. Calculate the highest common factor of h and m.
19
Let q(v) = v**3 + 5*v**2 + 4*v + 5. Let h be q(-4). Suppose 2 = -j + h*o + 15, -4*j - 2*o = -30. Calculate the highest common factor of j and 2.
2
Let v(t) = -7*t + 20. Let q = -137 - -134. Let k be v(q). Calculate the greatest common divisor of 41 and k.
41
Let x be 1/(8/1280*8). Calculate the greatest common divisor of x and 200.
20
Suppose 14*n - 1808 - 432 = 0. Let d be (n/(-6))/(3 - (-30)/(-9)). Calculate the greatest common divisor of 120 and d.
40
Let x = -6254 - -6311. Let z = -23 - -61. Calculate the highest common factor of z and x.
19
Suppose -2*z + 3*z + 36 = 4*m, -24 = -2*m - z. Calculate the greatest common factor of 820 and m.
10
Suppose -63 = -2*t - 5*f, -2*t + 3*f + 2*f + 93 = 0. Suppose 13*p + t = 16*p. Calculate the greatest common factor of p and 117.
13
Let h be ((-6)/(-1))/(33/22). Suppose k = -h*k + 55. Let g = -198 + 308. What is the highest common factor of g and k?
11
Suppose -32 = 7*m - 109. Calculate the greatest common factor of 121 and m.
11
Let k = 543 + -483. What is the greatest common divisor of 10 and k?
10
Suppose -3*p - 78 = -3*l, -2*l + 4*p + 44 = -0*p. Suppose 2*z - 18 - l = -2*r, 19 = z + 2*r. Calculate the greatest common divisor of z and 29.
29
Let l(a) = -a**2 + 57*a + 4. Let r be l(23). Suppose 3*j + 0*j = 2*m - r, -m = 2*j - 400. What is the highest common divisor of 36 and m?
36
Let r(t) = -t**3 + 11*t**2 - 21*t - 25. Let y be r(4). What is the greatest common factor of y and 34?
1
Let g(a) = a + 18. Let u be (-5 + 0)*(-6)/6. Let m be 3/u - 76/10. Let s be g(m). Calculate the greatest common factor of 22 and s.
11
Let t be (-408)/(-30)*10/4. Let f = t - 6. Calculate the greatest common factor of f and 56.
28
Let n(w) = w + 21. Suppose x = -5*x. Let o be n(x). What is the highest common factor of 147 and o?
21
Let c be (-1)/((-2)/902) - 20/(-4). Calculate the highest common divisor of 72 and c.
24
Suppose 0 = x - 7 - 69. Suppose 0 = 13*q - 22*q + 171. Calculate the greatest common factor of x and q.
19
Let n = 3742 + -3732. Let w be 4/6 - 776/(-6). Calculate the greatest common factor of w and n.
10
Suppose h - 19 = 5*b - b, -2*h - 5*b = 14. Let y(o) = 13*o + 1. Let i be y(2). Suppose 25*r = i*r - 2. Calculate the highest common factor of r and h.
1
Let v = 13 - 8. Suppose 36 = -v*q + 11, -h = -5*q - 57. What is the highest common factor of 80 and h?
16
Let r(c) = 2*c - 7. Let h be r(6). Suppose -3*d + 19 - 2 = -h*x, -4 = -d. Let s be -3 + 12 + -2 + x. What is the highest common factor of 54 and s?
6
Let h(u) = -u**3 - 5*u**2 - 8*u + 1. Let n(j) = j**2 - 1. Let b(d) = h(d) - 4*n(d). Let z be b(-9). What is the highest common divisor of 11 and z?
11
Suppose 5*p + 23*o = 22*o + 9683, p - 2*o - 1930 = 0. Calculate the highest common divisor of 11 and p.
11
Suppose 71*g = 51*g + 11180. What is the highest common factor of g and 13?
13
Suppose -8*z + 9*z - 15 = -4*y, -y - 5*z - 1 = 0. What is the highest common factor of 29 and y?
1
Suppose -6*l + l - 40 = -5*d, 21 = -2*l + 3*d. Let x be (2/((-2)/3) - -31) + l. What is the highest common divisor of 10 and x?
5
Let q be (6/18)/(1/5028). Let t be (-2)/(-3) + -3*q/(-18). What is the greatest common factor of t and 35?
35
Let h(x) = 4*x**2 + 31*x + 214. Let r be h(-14). Calculate the greatest common divisor of r and 12.
12
Suppose s = -7*s + 96. Calculate the highest common factor of 732 and s.
12
Let g(p) = -9*p**2 + 18*p**3 - 17 + 6*p - 10*p**3 - 7*p**3. Let z be g(10). What is the greatest common divisor of z and 13?
13
Let t(d) = d**2 - 10*d - 39. Let i be 1/3 - (-159)/9. Let f be t(i). What is the greatest common factor of f and 30?
15
Let c = -12 - -9. Let a be c*(480/9)/(-5). Let j(s) = s**3 + 8*s**2 - 3*s - 8. Let o be j(-8). Calculate the greatest common factor of o and a.
16
Let v(a) = -a**2 - 15*a - 21. Let d be v(-12). Calculate the highest common factor of d and 65.
5
Suppose 5*n - 16 = z, 3*z - 34 = 2*z - 5*n. Let k(f) = -f**3 - 5*f**2 - 5*f - 11. Let m be k(-5). Let b = m + -5. What is the highest common factor of z and b?
9
Let h = 422 + -392. Calculate the greatest common divisor of 150 and h.
30
Let d(g) = -7*g**2 - 4*g - 10*g**2 + 16*g**2 + 1. Let l be d(-4). Let m(k) = k**2 + k + 1. Let u be m(-1). What is the greatest common divisor of l and u?
1
Let p = -403 - -469. Calculate the highest common divisor of p and 528.
66
Let c be ((-50)/(-30))/(-1 - (-4)/3). Let l(j) = j**3 - 6*j**2 + 5*j + 4. Let h be l(c). What is the greatest common divisor of 40 and h?
4
Let r = -12 - -8. Let s be 4*2/r + 25. What is the highest common divisor of 92 and s?
23
Let z(m) = -m**2 - m + 1972 + 3*m - 1936. Let f be z(-5). Suppose -4 = -3*k + t + 26, 4*k + 4*t = 56. What is the greatest common factor of k and f?
1
Suppose 32 + 18 = 5*t. Let z be t*(556/20 - 3). What is the greatest common divisor of 31 and z?
31
Suppose 13*r + 127942 - 128020 = 0. Suppose 48 = 4*f - 0. Calculate the greatest common divisor of r and f.
6
Let w(s) = s - 13. Let a be w(24). Suppose v - 5*u - 26 = 0, -4*u - 40 + 17 = -3*v. Calculate the greatest common factor of a and v.
1
Let r = 67 + -89. Let h = 44 + r. Calculate the highest common factor of 22 and h.
22
Let m(z) = z**3 + 4*z**2 - 13*z. Let b be m(-6). Let i = b + 57. What is the highest common factor of 7 and i?
7
Suppose y + 4*y = 1280. Suppose 94*r = 115*r - 672. What is the greatest common divisor of r and y?
32
Let v(o) = -7*o**2 + 119*o**2 - 11*o**2 + 0 + 2 - 4*o. Let f be 1*(2 - (1 - 0)). Let u be v(f). Calculate the greatest common factor of 9 and u.
9
Let o(u) = -5 - 8*u - 5 + 3*u. Let w be o(-9). Suppose 2*q + 4*r = -q + 34, -5*r = -5*q + 80. What is the greatest common divisor of w and q?
7
Suppose 2*g - 22 = 70. Suppose 5644 - 193 = 79*o. Calculate the greatest common factor of o and g.
23
Let k be (1 + 0)*(-3 + 318). Suppose -4*s = 5*s - k. What is the highest common divisor of s and 35?
35
Let s = -16 + 27. Let w = -12 + s. Let c be (3 - 1) + (w - 0). What is the highest common factor of c and 8?
1
Let l = -44 - -49. Suppose 3*q - 47 = -14. Let h be (-2 + 2*q)/1. Calculate the highest common factor of h and l.
5
Let n(w) = w - 7. Let j be n(6). Let y be -1*(j + 2) + 1. Let z(d) = d**3 + d + 224. Let a be z(y). What is the greatest common factor of a and 28?
28
Suppose 4*g + 1157 = 17*g. Let b = g + -38. What is the greatest common divisor of b and 408?
51
Suppose -161*q - 208 = -187*q. Calculate the greatest common divisor of 28 and q.
4
Let y(f) = f**3 + 7*f**2 - 2*f - 13. Let r be y(-7). Let g be (0 - r)*8/8. Let z be (2/(-5))/(g/60). Calculate the highest common divisor of z and 8.
8
Let u = 3 + 17. Calculate the greatest common factor of u and 50.
10
Let y = -52 - -82. Let m = 19 - 19. Suppose 5*k = 2*a - 37, 3*a + m*k = -3*k + 3. What is the greatest common divisor of a and y?
6
Suppose 0 = w, 2*w + 265 = 5*y + 4*w. Suppose -4*s = -l + y - 9, -3*l = 4*s - 100. Suppose 4*m - 23 = 25. What is the highest common divisor of l and m?
12
Let j(a) = -4*a**2 - 15*a + 7. Let o be j(-4). What is the greatest common factor of 9 and o?
3
Suppose -3*g = 2*c - 274, -5*c + 2*g + 475 + 248 = 0. What is the greatest common divisor of c and 11?
11
Let y = 706 - 441. Calculate the greatest common divisor of 53 and y.
53
Let s = 804 + -471. Calculate the highest common factor of s and 37.
37
Suppose -20*i = -184 - 5596. What is the greatest common factor of i and 17?
17
Let v be -2 - 9/(-12) - 798/(-152). Suppose -184 = -2*u - 0*u. Calculate the greatest common divisor of u and v.
4
Let y be (7/14)/((-2)/48). Let x be y/(-3) + 19 - 3. Let j = x - 0. Calculate the highest common divisor of j and 4.
4
Let p = 662 + -242. What is the greatest 